15
Calculate -31 + (17 - (-4 + -6 + 14)).
-18
What is the value of 2 - -2 - (1 - -15) - (1 - 0)?
-13
What is the value of -10 + (9 - 0) - 5 - -12?
6
What is 6 - (6 + 0 - -7)?
-7
Calculate 34 + (-34 - -1) + (-3 - 1) + -9.
-12
What is the value of (134 - 132) + (-2 - (13 + -2)) - -23?
12
19 + (9 + -6 - 27)
-5
What is the value of (-9 - 7) + (-4 - ((4 - 3) + -4))?
-17
Evaluate 8 + (-31 - (26 - 53)).
4
Calculate (1 - (9 - 1)) + 54 + -110 + 85.
22
(20 + -23 - -43) + -27
13
What is the value of -47 - -50 - (0 - (1 - 8 - 2))?
-6
Evaluate (38 - 21) + -22 - -1.
-4
9 - ((3 - -4) + 3)
-1
Calculate (-2 - 4) + 41 + -23.
12
Evaluate -9 + 20 + -1 - (10 + -1).
1
Evaluate (2 - 16 - -14) + (1 - 3 - -2).
0
What is the value of 1 + (0 + -2 + -7 - 4 - -9)?
-3
What is the value of -1 - 14 - (4 + (-10 - -5) + 2)?
-16
Calculate 0 - ((17 - -7) + -10).
-14
Evaluate 3 - (23 + -7) - -29 - (0 + 4).
12
What is 48 - 56 - 5 - (-1 + 1)?
-13
Calculate (-193 - -214) + 5 + -5 + -16.
5
5 + (-5 - 0 - 6) + -2 + 4
-4
Calculate 2 - 0 - 2 - (-14 + (31 - -20)).
-37
What is the value of 79 + -86 + 2 + -3 + 21?
13
What is 24 - 5 - 8 - -3?
14
Evaluate 14 + (-16 - -4 - 8).
-6
What is the value of -197 + 196 + (2 - 37) + (0 - -3)?
-33
What is -80 + 120 - (3 - -31)?
6
(3 - 16) + (3 + 9 - 10) + 2
-9
Evaluate 3 + -6 + -1 - (-4 - -11).
-11
What is the value of (-18 - -14) + -21 + 13 + 3?
-9
Evaluate (-48 - -43) + 2 + 0 + 0.
-3
What is (-7 - -16) + 2 + 1 - 11?
1
Evaluate (-6 - (11 + -9)) + 8 + 14 + -4.
10
What is 2 - (-10 - -14) - 2?
-4
Calculate 9 + -8 + (-1 - -6 - 5).
1
-3 + (16 - 15) + 8 - 9
-3
What is -31 - (-60 - -29) - 2?
-2
What is -27 - (-32 + 18 + 5)?
-18
What is -230 + 247 + -1 + -4?
12
Evaluate (147 - 129) + -24 + 2.
-4
(-15 - (25 + -43)) + -21
-18
What is (8 - (-2 - -5)) + (12 - 24)?
-7
What is (-4 - 15) + (48 - 32)?
-3
What is (-12 - (-13 - 12)) + -21?
-8
What is (5 - (7 + -3 + -9)) + -4 + 0?
6
Calculate 0 - ((-78 - -74) + -2 + 0).
6
3 - (-2 + -25) - (1 + 17 - 10)
22
What is 0 + 14 - (25 + 3)?
-14
What is -73 - ((-21 - -38) + -60)?
-30
Evaluate (-19 - 3 - 7) + 16 + -3.
-16
0 + -2 + 4 + (9 - -9 - 28)
-8
Evaluate 258 + -276 + 57 + -6.
33
What is the value of -14 + 2 - (327 + -344)?
5
-3 + 2 + (-19 - -1)
-19
Calculate -25 + (17 - (-36 + 34)).
-6
-10 + (-29 - -35) + 0 + 8
4
Calculate -18 + -2 + 3 + 25.
8
What is the value of -5 - (1 + (-6 - 0) - -8)?
-8
What is 1 + -9 - (-22 + 6 + -2)?
10
What is (-40 + -24 + 10 - -15) + 11?
-28
Evaluate -3 + -14 + 5 + 6.
-6
Evaluate (0 - -15) + (-2 - -1) + (-2 - -5).
17
10 - (3 + 0 - (-3 - -11))
15
What is the value of -11 + 22 + -41 - -10?
-20
What is the value of 2 + -4 + (1 + 7 + -1 - -9)?
14
What is the value of (-73 - -65) + (0 - -5) + 4 + -8?
-7
Evaluate -6 + 3 + (14 - 1 - (3 - -1)).
6
What is the value of (4 - 4) + (-17 - 2)?
-19
(-2223 - -2239) + (-9 - -2) + 1
10
Evaluate (-1 - 16) + -17 + 37 + -16 - -1.
-12
What is -11 - -16 - (7 + -2)?
0
Evaluate -3 - -28 - 4 - 17.
4
5 + 3 - 13 - (-11 + -2)
8
What is 706 - 676 - (2 + 4)?
24
What is 11 + -3 + -2 + (9 - 5)?
10
Evaluate 21 - 48 - (-52 + 4).
21
(-21 - -17 - (2 - 23)) + -11 + 6
12
What is 6 + 24 - (3 + (2 - (8 - 0)))?
33
What is the value of -12 - (27 - 50 - 5)?
16
What is the value of -25 + -2 + (40 + -54 - (-20 - -5))?
-26
10 - (-5 - (-7 + 12))
20
Evaluate 2 + (-1 - -4) - (2 - (-3 - -1)).
1
Evaluate 22 + (4 - 16) + -2 + 5 + -45.
-32
Calculate (27 - 23) + -4 + 8 - 10 - 1.
-3
Evaluate 0 + -18 + 0 + 97 + -69.
10
What is (0 - 2 - 1) + -7 - (-43 - -6)?
27
Calculate 6 - ((-7 - -9) + 0 + -7 + 11).
0
Evaluate -8 - ((-17 - -7 - -18) + -3).
-13
Calculate (6 - 3 - 8 - -15) + -1.
9
Calculate -1 - 13 - (-56 - (-22 - 13)).
7
Evaluate (-63 - (8 + -38)) + -2 + (2 - -3).
-30
Calculate -42 + 16 - -30 - 7.
-3
Calculate (-24 - 7) + 53 + -11.
11
17 - -8 - 4 - (-4 - -4)
21
What is the value of 10 + -25 + 1 + 9?
-5
Calculate -13 - (1 - 1) - (-8 - (13 - 14)).
-6
Calculate -3 + -7 - (47 + -61).
4
What is -80 - (40 - (-45 + 134))?
-31
Calculate (-7 - -1 - -15) + -14.
-5
Evaluate -97 + 13 + 83 - (1 - 9 - 0).
7
-19 + 1 + -23 + 21
-20
Calculate -1 - (1 + -5 + 1).
2
Calculate 2 + 10 + -9 + 28 - 12.
19
-4 - -4 - (-45 - -35)
10
Calculate -2 + -2 + -1 - (-227 + 220).
2
Evaluate (-4 + 3 - -10) + -2 - -1 - 17.
-9
Evaluate 181 + -194 - (-1 - 1 - -1) - -1.
-11
Evaluate 18 - (-18 + 26 - (9 + 1 + -2)).
18
Evaluate -2 + (1 - (-24 + 30)).
-7
Calculate -602 - -627 - (-4 + -1).
30
Evaluate 19 + -18 - -14 - (2 - (4 - 2)).
15
What is the value of -11 + 24 + -15 - -16?
14
14 + (14 - 50) + 25
3
Evaluate 2 - (1 + (-12 - -7) - 8).
14
What is -4 - -4 - (-7 + (11 - 7))?
3
Evaluate -52 - -39 - (-17 - -1).
3
4 + (1 - -20) + 7 - 17
15
(8 - 24) + -3 + 6
-13
Evaluate -1 - -3 - ((4 - 6) + -3) - -10.
17
What is the value of 6 - ((22 - 0) + (-45 - -27))?
2
-30 - (7 + -19 + -4) - 0
-14
Calculate -1 - (-6 + 16 - 1) - (-15 - -23).
-18
Evaluate -7 - (-34 + 15 + 23 - (-5 - 1)).
-17
Evaluate 27 - (1 - (-3 + 8) - -13).
18
What is (-1 - (-12 + 1)) + -14 + -3 + 11?
4
Calculate 8 + -3 + (-6 - (-2 + 2)) + -6.
-7
What is 5 - (-1 + 7) - (0 + 8)?
-9
0 - (-3 - -10 - 1) - (-8 + -2)
4
Evaluate 24 + 8 - (-45 + 48).
29
-766 + 777 - (0 + 9)
2
What is 615 - 644 - (0 + -61)?
32
Calculate -13 + 2 + -3 - (-518 + 512).
-8
Evaluate (-43 - -62) + (-7 - 16).
-4
Evaluate (64 - 22 - 29) + (-24 - 2).
-13
What is the value of -10 + 17 + (-5 - (3 - (-14 + 2)))?
-13
What is the value of 2 - ((12 - (14 + -5)) + 5)?
-6
What is the value of -18 + (17 - -5) + -19?
-15
-8 + -1 - (36 + -62)
17
What is -3 - ((19 - (14 - -18)) + (0 - -5))?
5
6 - (1 + (8 - 4)) - 4
-3
Evaluate (-13 + (-2 - -4) - -13) + 2.
4
Calculate (0 - 1 - (-30 - -29)) + 16.
16
Calculate 5 + 23 + 26 + -44.
10
Calculate -16 + 25 + (8 - 25) - -10.
2
What is the value of 5 - (-3 + -6) - (-66 - -55)?
25
Evaluate -1 + 0 + -5 + (-5 - -4 - 2).
-9
Calculate (1 - 14) + 15 - -2.
4
-31 + -1 - (25 + -41)
-16
Calculate (-8 - (-16 - (-3 + 10 + -12))) + -9.
-6
Evaluate (8 - 9) + (-12 + -7 + 12 - -8).
0
Evaluate (9 - ((6 - 9) + 7)) + -5.
0
What is -10 + (-9 + 9 - -8)?
-2
38 + -4 + -14 + (-8 - 15)
-3
(13 - -3) + 0 + (68 - 70)
14
-41 - -29 - 0 - -42
30
What is the value of (3 - (-8 + (-4 - (-13 + 4)))) + 0?
6
1 + 0 + (51 - 45 - (15 + -1))
-7
What is the value of (61 - 70) + 1 + (32 - 1 - 3)?
20
Evaluate 5 - (18 - 31 - -7).
11
Evaluate 1 + 0 + (-35 + 48 - 6).
8
What is the value of -21 - -63 - 22 - -3 - (2 + -4)?
25
What is (-9 - -5 - 1) + (4 - -1) - -6?
6
4 + (-33 - (2 + 7 + -9))
-29
What is the value of (2 + -15 - -1) + 49 + -92 + 52?
-3
What is the value of 3 + (-2 - -18) + (-15 + -1 - -12)?
15
What is 7 + -12 + -1 + 5 - -2?
1
Calculate -3 - -12 - (5 + -17 + 17).
4
What is the value of 13 - (-41 + -26 + 43)?
37
What is 54 - (32 + -16) - 7 - (8 + 1)?
22
0 - 26 - (16 + -20)
-22
What is the value of -3 - (-13 - -8 - 8)?
10
What is 16 + (-8 - 27) + 8?
-11
-2 + -2 + -5 + (4 - (-3 + 4))
-6
-10 - (30 + -15) - -10
-15
11 + -34 + (1 - 0) + 30 + -27
-19
Evaluate -45 + -115 + 172 + -43 + (0 - -2).
-29
What is the value of -16 - -3 - (-70 + 50)?
7
Evaluate 0 + -2 - (9 - (0 - (-9 + 1))).
-3
What is the value of 6 - (-8 + 3) - (26 + 13 - -5)?
-33
What is the value of -3 - (-59 + 27) - (-1 - -13)?
17
What is -2 - (-12 + (22 - -9))?
-21
Calculate (19 - 26 - (1 - 1)) + (-1 - 3).
-11
What is 5 + (0 + -13 - (-175 - -186))?
-19
What is 30 + -18 + 2 + -8?
6
Calculate -7 - (18 - (29 + 4)).
8
Calculate -12 + 1 - (-21 + 24 + (8 - 18)).
-4
Calculate -1 + (38 + -16 - 6).
15
Evaluate (-37 - -41) + (-1 - 7 - (-1 + 3)).
-6
Evaluate (-33 + 14 + 39 - 15) + 1 + -29.
-23
Calculate -2 + 1 + (-4 + 4 - 3) - -31.
27
Evaluate 10 + (6 + 3 + -2 - 6).
11
Calculate (-59 - -53) + -3 + (21 - (6 - 10)).
16
What is -4 + -9 + 17 - (1 + (-4 - -1))?
6
Calculate -10 + 1 + 8 + -8 + (12 - 9).
-6
-2 + 7 - 13 - -1
-7
Evaluate (-20 - -12) + 8 - (7 - 0).
-7
Evaluate -1 - (6 + -2 + 11) - -33.
17
What is 1 - -1 - (-5 + 2 + 2 + 2)?
1
What is -5 + 0 + (-7 - -4) + -4?
-12
What is 2 + 3 - -2 - 21?
-14
Evaluate -30 + 10 + 10 + 5.
-5
What is the value of 0 - ((3 + -2 - -5) + -6) - -1?
1
Evaluate -1 + -12 + -4 + -3 + (-8 - -8).
-20
19 + (-7 - -15) - 21
6
Evaluate (4 - (19 + -22)) + 0 + -5.
2
Calculate -37 + 0 + (-13 - 51 - -80).
-21
3 + 14 - -22 - (6 + 7)
26
Calculate 13 + 5 + (-8 - 6 - -5).
9
Evaluat